se 15.
-121c11
What is 10101010100011111100100 (base 2) in base 3?
101111221121200
10021101202001 (base 3) to base 16
1a8c9f
Convert 2071440 (base 9) to base 3.
2002101111100
Convert 326b20 (base 13) to base 14.
22c352
1c589c1 (base 13) to base 6
534232000
1264215 (base 8) to base 10
354445
Convert -162316055 (base 7) to base 11.
-6230736
-554042321 (base 6) to base 5
-10024140441
What is -371c2 (base 16) in base 7?
-1630051
What is -101310100122 (base 4) in base 5?
-2143423430
-2202010012011 (base 3) to base 9
-2663164
What is -1011332130 (base 4) in base 14?
-7664c
Convert -52105344 (base 6) to base 4.
-11232230200
-24336b (base 12) to base 15
-b8ac2
1615530 (base 7) to base 9
368646
-2121244413 (base 5) to base 4
-101011102130
-11246512 (base 7) to base 10
-986722
21621a (base 13) to base 6
24452454
What is -42330312 (base 5) in base 4?
-1112230022
What is 2897485 (base 11) in base 13?
1051824
Convert -285637 (base 15) to base 5.
-444121102
-1089840 (base 11) to base 13
-517771
620350 (base 7) to base 10
105826
Convert 4b4c (base 15) to base 7.
64533
1103020050 (base 6) to base 11
6798633
What is -30341144 (base 5) in base 7?
-2044303
-201151 (base 10) to base 15
-3e901
-3253062 (base 7) to base 11
-253289
Convert 184052 (base 15) to base 11.
735016
4044330 (base 8) to base 3
2000012221211
What is 175a8d6 (base 14) in base 13?
250266b
1016125 (base 7) to base 15
26301
Convert 1136361 (base 7) to base 15.
2c98c
81182 (base 9) to base 16
d07c
What is -20717007 (base 8) in base 15?
-5c7ee7
-11114055 (base 6) to base 8
-1221263
-1177153 (base 9) to base 3
-1012121011210
-10100021111100 (base 3) to base 13
-4a2a52
Convert 54266720 (base 8) to base 15.
104a4de
-5003a (base 13) to base 14
-3a0bc
277713 (base 8) to base 2
10111111111001011
What is -1bb77 (base 12) in base 14?
-11147
What is 24063 (base 15) in base 11?
79313
Convert 27aab (base 14) to base 6.
2034223
-12d91c (base 15) to base 4
-3131110320
What is -327254 (base 14) in base 9?
-3185575
Convert -573b08 (base 13) to base 6.
-112131254
What is -134a46 (base 11) in base 3?
-101202012111
Convert 10020111122100 (base 3) to base 11.
a77048
What is 5562641 (base 7) in base 8?
2477117
Convert 14907296 (base 10) to base 7.
240465335
Convert 63bde4 (base 15) to base 4.
102013101211
-341321244 (base 5) to base 9
-2752413
What is 10763706 (base 10) in base 9?
22225023
What is -231695 (base 11) in base 16?
-59e3a
What is 3174614 (base 8) in base 10?
850316
-65795 (base 13) to base 15
-3963b
Convert -16a51b (base 16) to base 4.
-11222110123
14553372 (base 9) to base 13
16660c7
What is 32a041 (base 12) in base 8?
3044661
-1550243 (base 6) to base 5
-10421430
Convert 100100011111101111 (base 2) to base 14.
3c699
What is -2b5bc5 (base 16) in base 8?
-12655705
What is -1401528 (base 9) in base 14?
-160261
332400141 (base 5) to base 3
2201200002102
What is 3566311 (base 7) in base 8?
1565741
Convert 4225148 (base 10) to base 7.
50625134
Convert -3194b (base 15) to base 2.
-100110011010100010
Convert 2b1a52 (base 12) to base 4.
2301332132
What is 33235364 (base 7) in base 9?
5347738
What is -121312122 (base 5) in base 4?
-2023311303
-210534 (base 6) to base 10
-17050
What is -1d2fa (base 16) in base 5?
-12311141
What is -44340201 (base 5) in base 3?
-201122202121
Convert 17ac4e (base 15) to base 11.
716244
What is 1310301103 (base 4) in base 11?
2a7390
-26a21 (base 12) to base 5
-3201210
-100100010101001 (base 2) to base 3
-221111221
What is -525046 (base 8) in base 11?
-10a225
1513266 (base 8) to base 15
87e18
What is -ac1 (base 15) in base 11?
-1910
Convert -8016347 (base 9) to base 2.
-10000010000101101011101
-8b277f (base 16) to base 8
-42623577
-7614395 (base 10) to base 14
-1022cd5
Convert 330202312 (base 4) to base 15.
4d72a
112322000 (base 4) to base 6
2002212
Convert 1003110023 (base 4) to base 14.
726a7
11301310 (base 5) to base 7
610153
45330054 (base 6) to base 16
150fb2
What is -b7001 (base 13) in base 9?
-552047
Convert -33976 (base 10) to base 8.
-102270
7731070 (base 8) to base 15
2b072a
What is 310032 (base 8) in base 13?
3780c
What is -201768 (base 9) in base 15?
-255db
Convert 10b6b4 (base 12) to base 11.
173a90
What is 10011101000100010000 (base 2) in base 10?
643344
Convert -4a93bc (base 14) to base 13.
-6b883a
Convert 101227 (base 12) to base 14.
675dd
Convert -1343640 (base 8) to base 12.
-163254
What is -292983 (base 13) in base 9?
-1802446
What is 11ac812 (base 14) in base 11?
4876755
What is -d8239d (base 15) in base 16?
-9ceda0
Convert -157040 (base 8) to base 14.
-16a1a
-3912c (base 16) to base 6
-5002140
-715536 (base 8) to base 6
-5022210
Convert 502253 (base 7) to base 2.
10100101101111001
160784 (base 14) to base 16
bbf10
What is -4071a (base 15) in base 8?
-616504
What is -1011101111000111101010 (base 2) in base 16?
-2ef1ea
Convert -35c0 (base 13) to base 4.
-1312220
What is -273345 (base 10) in base 16?
-42bc1
Convert 22000022202200 (base 3) to base 16.
40f87e
Convert 77a0c (base 13) to base 6.
4352400
What is -1c711 (base 13) in base 12?
-2858a
What is -13303012203 (base 4) in base 9?
-3755250
-101cb2d (base 14) to base 8
-35001605
2253b1 (base 12) to base 2
10000101110111110101
Convert 101221122112 (base 4) to base 11.
267a6a9
Convert -6654420 (base 7) to base 10.
-820323
Convert 23140414 (base 5) to base 9.
347445
4b65c6 (base 13) to base 15
25c522
4909bd (base 16) to base 13
cb7928
89767 (base 10) to base 2
10101111010100111
What is -12820b (base 16) in base 2?
-100101000001000001011
-c3b5 (base 15) to base 13
-15a85
What is 1718 (base 10) in base 3?
2100122
What is 110060 (base 9) in base 2?
10000000010000000
-333243 (base 11) to base 8
-2015636
Convert -13c5cc (base 14) to base 13.
-1b0a06
-1010022112212 (base 3) to base 7
-5033501
What is 303948 (base 11) in base 16?
7735f
-3d35a7 (base 14) to base 12
-864193
Convert 41913 (base 13) to base 9.
188746
What is 116544115 (base 7) in base 2?
11100001100000001111110
What is -25a01a6 (base 11) in base 15?
-5dbcd4
What is -11001000011000011 (base 2) in base 14?
-29563
Convert -633587 (base 13) to base 5.
-1043232423
Convert -24404020 (base 5) to base 9.
-382821
What is 7405112 (base 9) in base 15?
533515
Convert -1001102111201 (base 3) to base 12.
-22b961
Convert -a649a3 (base 11) to base 6.
-100312550
What is -202734 (base 9) in base 11?
-82301
-9d930 (base 14) to base 3
-201110200102
Convert -955197 (base 14) to base 15.
-69a415
Convert -20f4ae (base 16) to base 14.
-40314a
Convert 265282 (base 11) to base 12.
181347
2123126 (base 7) to base 10
258005
Convert 4db93 (base 16) to base 12.
134297
-101100100011100100100011 (base 2) to base 15
-105ab40
-2418360 (base 9) to base 14
-26209a
Convert 2012522 (base 8) to base 15.
a6e66
What is 12222022010111 (base 3) in base 12?
10913a1
What is 253360 (base 8) in base 16?
156f0
-2105711 (base 8) to base 10
-560073
3bb395 (base 12) to base 15
149865
1011011110011001000011 (base 2) to base 5
1232224232
2011100000 (base 3) to base 4
22120131
What is 40148 (base 11) in base 14?
17597
Convert -55172 (base 9) to base 7.
-211460
100014313 (base 5) to base 11
248432
What is 35573 (base 8) in base 10?
15227
-7757170 (base 8) to base 7
-23516056
What is 6452340 (base 7) in base 13?
2169a8
Convert 732294 (base 10) to base 16.
b2c86
What is 423988 (base 10) in base 14?
b072c
What is 114972 (base 10) in base 9?
184636
-5440352 (base 6) to base 10
-269708
What is -12805bb (base 12) in base 4?
-31323031133
Convert 4381853 (base 9) to base 12.
957aa0
What is -110011111001100111 (base 2) in base 15?
-42ec3
What is -c6d60 (base 14) in base 3?
-220101120001
What is 212100112222 (base 3) in base 14?
bd73c
What is -3ca2 (base 15) in base 16?
-32b1
What is a5d1b (base 14) in base 3?
202100022121
Convert 7cc83 (base 13) to base 10.
228426
What is 2b68 (base 12) in base 11?
3935
What is -323411 (base 5) in base 13?
-5094
Convert 195951 (base 10) to base 13.
6b262
d7d54 (base 14) to base 15
a4693
Convert -15738 (base 15) to base 10.
-69128
What is -bb7a95 (base 13) in base 8?
-20660141
Convert 4f84b (base 16) to base 15.
6678c
81a0 (base 13) to base 11
12480
What is -22012113 (base 5) in base 15?
-3ac58
-211121221102112 (base 3) to base 4
-231313311032
What is -36233503 (base 7) in base 12?
-10b276